-2307 + 2359 - (5 - -136)?
-89
What is 40 + (-23 - -25) - (-3 + 1 + 1 - 4)?
47
What is the value of (-99 - -85) + (3 - (-37 + 3) - 5)?
18
What is 18 + 63 + -23 - 18?
40
What is the value of (-72 - 175) + 192 - (-37 + 0)?
-18
-10 + -1 + (8 + 36 + -3 - (0 - 4))
34
What is the value of 2 + (-6 - 1) + (-5 - -25) + -18 + -18?
-21
What is -6 - ((10 - 5 - 4) + -6 + 2 + 5)?
-8
(7 + 8 - 7) + -32 + 12 + -6
-18
Calculate 0 + -15 + 15 - -101.
101
Calculate 2 + -108 - (-126 + 226 + -119 + (21 - 0)).
-108
-15 + 13 + 14 - (82 + -6)
-64
-11 - 2 - -19 - (26 - 10 - 25)
15
Calculate (40 - (32 - -45) - (-5 - -1)) + 14.
-19
Calculate 16 + (-56 + -28 - -15 - (29 - 8)).
-74
Evaluate (12 + -12 - -11) + (10 - 11).
10
What is 11 + 3 + 1 - -20?
35
(-2 - 14) + (274 - 222)
36
(0 - -14) + -11 + -21 + 31 + -23
-10
Calculate (17 - 48 - -29) + -34.
-36
Evaluate (-33 - -2) + 376 + -344 + (9 - 1).
9
What is 108 - ((0 - (-2 + 17 + -13)) + 11)?
99
What is 9 + -123 + (2 + -3 - (-13 + 4) - 6)?
-112
What is 4 + -16 + 12 - -3 - -34 - (-1 + 2)?
36
Evaluate (-15 - 4 - 5 - (4 + 6)) + (2 - 0).
-32
-9 + (-1 + (0 - (7 - 13)) - 1)
-5
What is -128 - -130 - (24 + 10)?
-32
What is 114 - (16 + -6 + -9)?
113
What is -36 - 44 - -84 - (0 - -53)?
-49
Evaluate -5 + (21 - 9) + 26 + -26.
7
Calculate (66 + -126 - -97) + 2 + 1 + 0.
40
Calculate (-533 - -551) + (-119 - 7).
-108
What is 87 + (-15 - (23 + -10 - 56))?
115
What is -78 + -10 - -66 - -40?
18
What is (31 - (11 - 9 - 1)) + 10 + -21?
19
Calculate -8 - ((5 - (2 - -3)) + (-50 - -55)).
-13
What is the value of -8 + (-6 - 1 - -23) - (47 + -52)?
13
Calculate -3 + (8 - (-19 - -15)) + 18.
27
35 + -85 + (26 - -12)
-12
28 - (-19 + -22 + 21 + 34)
14
What is the value of (-152 - -125 - (-1 + -15)) + 56?
45
(-1 + 1 - -7) + 33 + -34 - (12 + 35)
-41
What is (150 + -72 - (11 - -2)) + -10 - 3?
52
What is the value of (-20 - 0) + (-11 + (14 + -21 - -28) - 8)?
-18
What is the value of -7 + 11 + (12 - (11 - -8))?
-3
What is the value of 133 + -124 - (-40 - -11)?
38
Calculate 18 - 11 - (20 + -6 + 19 + -33).
7
Calculate (-10 - -7) + -10 + 17 + -12 - -86.
78
What is -14 - (7 + -13 + 20) - 74?
-102
Calculate -5 - 0 - ((10 + 1 - 25) + -38).
47
-34 + (-36 - -14) + 103
47
What is the value of (0 - 19) + (103 - ((-45 - -43) + -17))?
103
What is the value of (163 - 214) + (-26 - -29) + (-3 - -1)?
-50
1 - (18 - (0 + 16 + -26))
-27
What is 9 + 54 + 20 - (26 - -2)?
55
-1906 - -1982 - (2 + 12)
62
Evaluate (-372 - -237) + 0 + 2 + (7 - 4 - -3).
-127
44 + (-16 - 20) - ((0 - (3 + -7)) + -38)
42
What is the value of (-5 + 24 - 13) + 13 - -26?
45
What is the value of -29 - -1 - (7 + -27 + 12 + 1 + -1)?
-20
(-68 - -45) + (-9 - -6 - -29) - -4
7
-10 + 30 - 139 - (6 - 17)
-108
Evaluate 6 + (-39 - 1 - 1) + (-87 - -100).
-22
What is the value of -39 + (44 - 81 - -66) - -58?
48
What is 16 + 3 - ((-28 - -39) + -5 + -1 + 2)?
12
Evaluate -14 + (6 - (11 + -8)) + 30 + -6.
13
Calculate 1 + -1 + -2 + (-69 - (14 + (-2 - 31))).
-52
Calculate (24 - (-6 - -26)) + (1 - -2) + 4 + -72.
-61
What is 25 - 11 - (3 + 0 - 45)?
56
Calculate -21 - (0 + -9 + (-54 - 4) + 54).
-8
Calculate -18 - (4 + -5) - (-10 - 13) - 29.
-23
What is 16 + -1 - ((-12 + 44 - -33) + -46)?
-4
(16 + 1 + (-13 - 12) - (0 - 1)) + 39
32
What is the value of (-69 - (-10 - -8)) + 62?
-5
Evaluate -3 + (-1 - 5 - -4) + (-14 - -26 - 57).
-50
Calculate 2 + -6 - (-3 - -3) - ((75 - 85) + -11).
17
Evaluate 20 + -1 + 10985 + -10994.
10
What is the value of (-63 - (7 + -86)) + -55?
-39
Evaluate (16 - 7) + -5 + -14 + 3 + -20.
-27
Evaluate (-13 - -1) + (31 - (-5 + 6 + 20)).
-2
Evaluate -207 + 70 + 126 + (20 - -1).
10
What is the value of -20 - (39 + -74) - -2?
17
(174 - 131 - 25) + (-83 - -1)
-64
What is the value of 6 - (25 - 17 - ((-5 - 0) + 2))?
-5
What is -3 + (1 - 44) - (-19 + 4 + 10 + 0)?
-41
-14 + 21 + (-6 - 0) - (98 + -102)
5
23 - (9 - (-56 - -16))
-26
What is (59 - -17) + -41 + (-20 - 0)?
15
Evaluate 81 - (-25 + 172 + 5).
-71
Evaluate 7 + 96 - (6 + 9 - 18).
106
What is 69 - 35 - (-118 + 93)?
59
What is 123 - -15 - (637 - 637)?
138
(8 - (-3 - (-1 + (-2 - 10)))) + 24
22
What is the value of (665 - 645 - (-14 - -1)) + 12?
45
What is (234 - -19) + -241 - (27 - -1 - -3)?
-19
Calculate 61 - (37 - 0) - (4 + (-1 - 1)).
22
What is the value of (0 - -5) + (3 - -3) + 17?
28
What is the value of (-13 - -1) + (1 - 1) - (-916 - -891)?
13
What is (-1 - 7) + -21 + -12 + 4 + 22?
-15
Calculate -1 - (-1 + 8 + -19 + -23 + 22).
12
Calculate -9 + -27 - (-20 - 11).
-5
-11 - -35 - (-3 + 15) - -6
18
Evaluate 0 + 4 + 4 + (-123 - (-14 + 17)) + 21.
-97
What is -83 + 56 + -23 - -9?
-41
Calculate (-38 - -149) + (-57 - -17).
71
What is 11 - (-11 + -18 + 14 - (-82 - -5))?
-51
2 - (-17 + 59 + -40 + -29)
29
Evaluate -3 + -1 - (-12 + 1) - (-491 + 503).
-5
What is the value of 5 + (-5 - 25) - (68 - 84)?
-9
Calculate 11 - -3 - (16 + -99 + 41 - 42).
98
Calculate -290 - -248 - (0 + -5 + -17).
-20
What is (2 - (-33 - -36)) + (-48 + (1 - 1) - 3)?
-52
What is (-136 - -233) + -174 - (1 + (3 - (-2 + 8)))?
-75
Calculate -76 - (-40 - -22 - -23).
-81
What is the value of 52 + -36 + (-32 - -24) + 82?
90
Evaluate -11 - (66 + -98 - -30).
-9
Evaluate 1 + 17 + 2 + -13 + (9 - 6).
10
What is the value of -9 + 41 + -14 + (0 + 7 - 18)?
7
Evaluate -23 + (6 - (-103 + 61)).
25
Calculate 284 - 283 - (-1 + 43).
-41
What is the value of 100 + -204 + 93 - (63 + 4)?
-78
67 - (176 + 17 + -104)
-22
16 - -2 - (9 - (5 + -13 + 9))
10
What is 4 + 8 + (-41 - -3) + 23?
-3
Calculate -3 + 14 + -16 + -10 + 55.
40
Calculate 7 + -1 + -47 + 15 - 17.
-43
Calculate -3 + -7 + 4 + 1 - (28 + 81 - 47).
-67
What is the value of -72 - ((-1 - -9) + -38) - (0 + -1)?
-41
What is the value of -146 - (-239 - (-227 - -96))?
-38
Calculate 83 + 52 + -176 - 25.
-66
What is -11 - (-51 + (102 - -24))?
-86
Calculate (-3 - 18) + (-39 - -75 - 36).
-21
Calculate (-21 - (-21 + 19)) + 15 + -4.
-8
Evaluate 103 + -76 - (7 - (-4 + 6 + 2)).
24
Evaluate (-58 - -59) + 77 + -40.
38
What is the value of -3 - (2 + 6 + -11 - 44) - (-8 - -9)?
43
Calculate -88 + 2 + (-16 + -10 + 4 - (-16 - -2)).
-94
Calculate 43 - -12 - -24 - 37.
42
(9 - -41 - 119) + 73
4
What is (83 - (226 + -60)) + 68?
-15
Evaluate -3 + 67 - (-14 + -8 + 27).
59
50 - (12 - (-1 + 10 - 15)) - (-10 + 1)
41
What is the value of 8 + 1 + 0 + -3111 + 3053?
-49
Evaluate -62 + (-9 - (-24 - -1)) - (2 - 1 - 5).
-44
Calculate (-135 + 88 - -84) + -2 + 27.
62
What is the value of 51 + (-116 - -29) + (21 - 2)?
-17
Evaluate (8 - 2 - 15) + -9 - (-6 - -64).
-76
Calculate (-3 - (14 + -33 + 12)) + 91.
95
Evaluate -45 + 15 + -4 + -5 + 11.
-28
(-7 - -7 - -3) + -38 + 28 + 2
-5
Calculate (-43 - (-30 - -15) - -34) + -83.
-77
What is the value of (-31 + -29 - 12) + -42 - -37?
-77
Calculate -8 + -8 + 7 + 21 + -27.
-15
What is (-77 - -117) + 1 + 6 + (-8 - -2)?
41
Evaluate 6 - (47 - -12) - (17 - -4).
-74
What is the value of (3 - -64) + -58 - (2 - 40)?
47
5 - -72 - (0 - (3 - (-29 + 38)))
71
What is the value of 1 + 27 + -881 + 841?
-12
51 - (81 + 45 + -13)
-62
Calculate -112 + 6 - -119 - -94.
107
(-25 - (-93 + 35)) + (18 - -2)
53
Evaluate 84 - (-12 - -20 - ((-6 - 1) + -1 + 12)).
80
Calculate -67 - 0 - (-10502 - -10434).
1
What is the value of -1916 + 1950 - (-1 + -6)?
41
-14 + 25 + 19 + -24 + -13 - -18
11
Evaluate -67 - (73 + -66 + -47).
-27
Calculate 299 + -80 + -183 - (1 - -118).
-83
What is the value of (-28 + 6 - 1) + 89 - 13?
53
Calculate -4 - (8 + (-7 - 1) + 29) - 11.
-44
Calculate 45 + 53 + -168 - (3 + -6).
-67
What is -20 + (-14 + 19 - -1 - -12)?
-2
What is the value of (11 - 1 - (-4 + (2 - -2))) + -113 + 4?
-99
Evaluate (145 - 146) + (1 - 10) + (-9 - -9) + 36.
26
What is the value of -3 + (-5 - 21 - (-4 + 7) - 15)?
-47
What is the value of (45 - -1) + (-190 - -6) + 18?
-120
-5 + 9 + 13 + 305 + -316
6
What is the value of -33 - (116 - 46) - -87?
-16
What is the value of -6 + -3 + -5 + -27 - -32?
-9
Evaluate 32 - (23 + -21 + 32).
-2
Evaluate 38 + -23 + -1 + 13 + -32 - -91.
86
Evaluate -562 - -482 - (-2 - -6 - 11) - -19.
-54
What is (-56 - -27 - (9 + -48)) + -2 + -103?
-95
What is 5 - (-14 + (13 - -65 - -1 - 11))?
-49
Evaluate -44 + 32 - (9 + 2 - (-2 + 4)).
-21
Evaluate 8 - (-40 + (-11 - -11) - (-5 + 3)).
46
-75 - (10 + -83 - 2)
0
Calculate -1 - -13 - (-19 + (-42 - -34 - -42)) - 58.
-61
Evaluate (-8 - -6 - 